ber?
True
Suppose -123 = -4*s + f, 0 = -4*s - 5*f - 24 + 177. Is (12044/(-10))/(s/(-80)) prime?
True
Suppose -k + 22177 = -2*i, 22201 = 1711*k - 1710*k + 2*i. Is k prime?
True
Let p(x) be the first derivative of -31*x**3/6 + 3*x**2/2 - 17*x + 2. Let t(l) be the first derivative of p(l). Is t(-4) a composite number?
False
Suppose 5*s = 636 + 12809. Suppose -2*a + 3*c - 2*c = -s, -3*a = -5*c - 4030. Is a composite?
True
Let m(o) = -45*o + 1388. Is m(-17) a composite number?
False
Let k(r) = 987*r**3 - 9*r**2 - 8*r + 13. Let n(s) = 493*s**3 - 5*s**2 - 4*s + 7. Let x(h) = 4*k(h) - 7*n(h). Is x(2) a composite number?
False
Suppose -g + 7813 = -170*l + 171*l, -8*l + 3*g + 62570 = 0. Is l prime?
False
Suppose -p - 1 = -4. Let w(b) = 46*b**3 + b**2 - 3*b + 5. Let z be w(p). Suppose -z = -4*k + 917. Is k composite?
False
Suppose -636340 = -9*h + 392999. Is h composite?
False
Is (-6 - 0) + (104598 + -13 - 0) composite?
False
Let c(y) = -275*y**3 - y**2 - 19*y - 6. Is c(-5) prime?
True
Let r(w) = 6*w**2 + 63*w - 1051. Is r(20) composite?
False
Let k(r) = 26*r**2 - 19*r + 11. Let c = 37 + -43. Is k(c) prime?
True
Suppose 7*v - 2*v = 110. Let j = 25 - v. Suppose 4*f - 3*m = 517, -12 = m + j*m. Is f a composite number?
False
Is (-987)/91 + 11 + ((-72888186)/78)/(-7) prime?
False
Suppose -9308 = 48*o - 52*o. Is 4 + (5 - 9) + o a composite number?
True
Let i(h) = 5*h**2 + 16*h - 1. Let u be 1/(6/(-4))*-9. Suppose x + q + 4 = u*q, -q = -4. Is i(x) prime?
False
Suppose 26*s - 1754533 = 1825641. Is s prime?
True
Suppose 26 = 3*y - 2*k, 2*y = 2*k - 4*k + 4. Let q(w) = 29*w**2 - 25*w + 7. Is q(y) composite?
True
Let i be 7 + -4 - 1/(-1). Suppose 3*c + i*x + 8 = 27, -3*c = -x - 29. Is (c/(-6))/(30/(-99340)) composite?
False
Let b = 638 + -27. Is b a composite number?
True
Let y = -52519 - -122546. Is y prime?
False
Let b be (-2780)/(-230) - (-6)/(-69). Is 4/8*3048/b a composite number?
False
Let k(n) = 2*n**2 + 7*n - 8. Suppose -p - 1 - 1 = 0. Let d be (-10)/5 - (2 - p). Is k(d) composite?
True
Suppose s + h - 20058 = 0, -2*s + 3*h = -23476 - 16635. Is s a prime number?
False
Let a(x) = x**2 - 10*x + 20. Let w be (0 + 1)/((21/48)/7). Suppose -m - 1 = w. Is a(m) composite?
False
Suppose -24*u = -260341 - 344611 - 892672. Is u composite?
False
Let n(y) = 14323*y - 1136. Is n(9) composite?
True
Let z = -1219 + 11704. Let f = z - 562. Is f a prime number?
True
Suppose -5*y + 3727362 = -z, 5*z + 237638 = 2*y - 1253339. Is y a composite number?
False
Suppose -26*k + 11740491 = 3*k - 2*k. Is k a prime number?
False
Let c(y) = -608*y - 32. Let i(g) = -202*g - 11. Let r(w) = 6*c(w) - 17*i(w). Is r(-4) a prime number?
False
Let i = -684465 - -1314062. Is i a composite number?
True
Is (-11 + 8 - -13) + 54241 a composite number?
False
Let w be ((-28)/10)/((-22)/190465). Suppose -88*x = -81*x - w. Is x prime?
True
Let n = 240529 - 164212. Is n prime?
False
Let a(l) be the third derivative of 41*l**5/60 - 7*l**4/12 - 19*l**3/6 + 2*l**2 - 30*l. Is a(-14) composite?
True
Suppose 5*y = -s + 83994, 419855 = 5*s + 27*y - 25*y. Is s a prime number?
True
Suppose 0 = 5*a - 29890 + 5875. Suppose -3*c = -t + a, -3*c - 5*t - 4162 = 623. Let f = -451 - c. Is f a composite number?
True
Let m = 853210 - 253983. Is m prime?
False
Let o be ((54/8)/(-9))/(12/(-48)). Suppose -4*c + 0*c = 0. Is o/6 + c + 3146/4 composite?
False
Suppose -2*s - 42 + 54 = 0, 4*n + 3*s - 845494 = 0. Is n a composite number?
False
Suppose 641116 = 100*v - 2262684. Is v a composite number?
True
Let o = 200388 + -85841. Is o prime?
True
Suppose 0 = 15*z - 12*z + 60. Let b be 2360*((-4)/(-10))/(16/z). Let n = 2541 + b. Is n prime?
True
Let r = 23191 + -12832. Is ((-3)/(-18)*-4)/((-6)/r) composite?
False
Let x(h) = 20*h + 39. Let u = 121 - 99. Is x(u) composite?
False
Let h(w) = -301*w - 1196. Is h(-93) prime?
False
Let f(g) be the second derivative of g**4/12 + g**3/6 - 7*g**2/2 + 21*g. Let h be f(-8). Suppose -44*v - 18035 = -h*v. Is v a composite number?
False
Suppose p + 3*p + 748 = 2*f, 0 = -f + 4*p + 368. Suppose 4*v - 20 = 0, -25*b + 30*b - 11*v + 1060 = 0. Let k = f + b. Is k composite?
False
Suppose -45166 = -6*r + r - 2*n, -3*r + 27081 = -5*n. Let a = r + -6441. Is a prime?
True
Let y(j) = -2*j**2 - 31*j - 4. Let g be y(-14). Suppose 2*r - 39*b + g*b - 13483 = 0, -4*r = b - 26951. Is r prime?
False
Suppose -10*v = -12*v - 2*o + 57350, 2*v - 5*o - 57336 = 0. Is v composite?
True
Let v(u) = 15*u**2 + u - 4. Let t be v(4). Suppose -36 + t = 3*f. Let s = 487 - f. Is s composite?
False
Let o be (76/(-190))/(1 - 4802/4800). Suppose -4*n + 4*m = -o, -m + 51 + 649 = 3*n. Is n prime?
False
Let k(f) = -516*f - 7. Let j(o) = o + 1. Let h(w) = -w**2 - 14*w - 16. Let r(c) = h(c) + 4*j(c). Let b be r(-9). Is k(b) a prime number?
False
Let h(l) = -l - 387. Let i be h(0). Suppose 4211 = 9*z - 955. Let w = i + z. Is w a prime number?
False
Let c be 2725/(-7 + 75/10). Suppose 10*w + c = 20*w. Is w prime?
False
Suppose -3*m = 4*d - 33, 4*d - 4*m + 27 = 95. Let l = d + -9. Suppose -3*c - 5*n + 1961 = 0, c - 2*n = l*n + 687. Is c composite?
True
Let v(s) = s + 3974. Suppose 2*t = 4*c - 4, -6 + 2 = 2*t + 5*c. Let o be (4 + t - 2)/3. Is v(o) prime?
False
Let f(n) = -75*n - 264. Let u be f(-58). Let c(i) = -2*i - 1. Let k be c(-3). Suppose 5*h = 4*v + 9995, 0 = -k*h + v + u + 5924. Is h prime?
True
Let q(l) = 2*l + 17 - 2*l**3 - 2*l - 11*l - 21*l**2. Let i = 1186 + -1200. Is q(i) composite?
False
Suppose -3*f = 12*f - 276555. Let j = -9774 + f. Is j a prime number?
True
Suppose 4126004 = 33*v + 3*v - 763624. Is v prime?
False
Let u(o) = 3*o**3 + 4*o**2 - 5*o + 2. Let i be u(1). Suppose 3*j + 10597 = 2*l, -l + 5282 = i*j - 0*j. Is l composite?
True
Let x be 8 + (-35)/11 + 14/77. Suppose 20 = x*h, o + 1283 = 2*h + 4022. Is o a composite number?
True
Suppose -10*p = -3*t + 22309, 6165 = 5*t + 2*p - 30942. Is t a prime number?
False
Suppose 17143917 = 40*y + 1190277. Is y composite?
True
Let l be ((6 - 6)/(-1))/1. Suppose l = -16*y + 15*y + 8461. Is y prime?
True
Let n(c) = 4*c + 17. Let h be n(-6). Let q = 11 + h. Is (546/(-9))/(q/(-6)) a composite number?
True
Let q(c) = 3*c**2 - 37*c - 17. Suppose 0 = 4*m - 66 - 58. Let i = m - 11. Is q(i) a prime number?
True
Let k(r) = -8*r**3 - 91*r**2 - 21*r + 19. Is k(-18) a composite number?
False
Let x = -4218806 - -6010347. Is x a composite number?
False
Let k(v) be the first derivative of -v**3/3 - 21*v**2 - 63*v + 60. Is k(-32) a composite number?
False
Let k be ((-42)/(-4) + -3)*(-8)/(-10). Let w(n) = -n**2 + 6*n + 18. Let x be w(k). Is (-48)/(-4)*x - (2 - -1) a composite number?
True
Is ((-1)/(-2))/((-23)/(-3959174)) a prime number?
True
Let s = 125127 + -43388. Is s prime?
False
Let h(f) = f + 3. Let q(p) = 194*p + 44. Let z(m) = 6*h(m) - 2*q(m). Is z(-2) a prime number?
False
Let d = 10823 - -19718. Is d composite?
True
Suppose n = 6*n - 4*r - 57, r + 3 = 0. Is -1 + (386 - (n - (3 + 2))) a composite number?
True
Suppose 2*f = -m + 3*m + 20, -3*f = 3*m + 6. Let t = 1036 - 1042. Is 79*m*2/t a prime number?
False
Let d(j) = 76*j + 31 + 2*j**2 - 63*j - 5*j**2 + 6*j**2. Is d(-7) composite?
True
Suppose -8*c + 3050 = 2*c. Let n = -160 - -228. Let f = n + c. Is f a prime number?
True
Let h(f) = 110*f**2 + 16*f - 1. Let d be h(-8). Suppose 5*t - 2307 = -o, -3*o + 2*t = 7*t - d. Suppose 28*y - 26*y = o. Is y composite?
False
Suppose -3*j = 9, 5*r - 7*r - 37495 = j. Let m = -12615 - r. Is m composite?
False
Suppose 0 = 4*b - 3*l - 22, 7*l - 10 = -5*b + 2*l. Suppose -b*h = 2*x - 76658, -3*h = -27*x + 23*x - 57477. Is h prime?
True
Let j = -632514 - -1120387. Is j prime?
True
Let k = 711058 + -430949. Is k composite?
True
Let t(a) be the second derivative of a**3/3 - 7*a**2/2 - 14*a. Let n be t(5). Suppose -5*j + 6*j = -2*w + 1170, -w + n*j = -592. Is w a prime number?
False
Let p(a) = -729*a - 103. Is p(-10) a composite number?
False
Let q = -8107 - -3909. Let m = q - -13195. Is m prime?
False
Suppose -2*x - 4 = 4, -34644 = -4*j + 2*x. Let f = 14822 - j. Is f a prime number?
True
Let t = -90051 + 373448. Is t prime?
True
Is 4/20 + (171639/12)/(180/11232) prime?
True
Let a = -1096 - -370. Let i = a + 222. Let d = i - -1423. Is d a composite number?
False
Is 20/16 + (4 - ((-2478161)/28 - 2)) prime?